{"id":1013,"date":"2015-08-11T08:47:02","date_gmt":"2015-08-11T08:47:02","guid":{"rendered":"http:\/\/langbruck.at.w01385b3.kasserver.com\/hofeigene-alm\/?lang=cs"},"modified":"2017-09-14T08:28:06","modified_gmt":"2017-09-14T08:28:06","slug":"hofeigene-alm","status":"publish","type":"page","link":"https:\/\/www.langbruck.at\/cs\/hofeigene-alm\/","title":{"rendered":"Hofeigene Alm"},"content":{"rendered":"<div class=\"wpb-content-wrapper\"><p>[vc_row][vc_column][vc_column_text]<\/p>\n<h1>Hofeigene Gf\u00f6llalm<\/h1>\n<h2>Herrlicher Rastplatz &amp; unvergessliches Ausflugsziel<\/h2>\n<p>[\/vc_column_text][vc_single_image image=&#8220;99&#8243; img_size=&#8220;full&#8220;][\/vc_column][\/vc_row][vc_row][vc_column][vc_column_text]Es ist sch\u00f6n, einen Ort zu kennen, an dem die Zeit keine Rolle spielt und man einfach gl\u00fccklich ist. Ein solcher Ort ist unsere Gf\u00f6llalm. Eingebettet in die urige Natur haben Sie auf der hofeigenen Alm\u00a0einen einzigartigen Ausblick in die Bergwelt des Salzburger Landes.\u00a0Unternehmen Sie vom\u00a0<a href=\"https:\/\/www.langbruck.at\/\">Langbruckgut<\/a> aus\u00a0eine Wanderung oder Mountainbike-Tour durch die W\u00e4lder und Wiesen zu unserer H\u00fctte &#8211; Gehzeit:\u00a0ca. 25 Minuten. Die\u00a0K\u00fche und K\u00e4lbchen, die den Sommer auf der Alm verbringen, werden Sie freudig\u00a0begr\u00fc\u00dfen.\u00a0Auch im Winter ist die\u00a0Gf\u00f6llalm mit Schneeschuhen gut erreichbar.[\/vc_column_text][\/vc_column][\/vc_row][vc_row][vc_column width=&#8220;1\/2&#8243;][vc_single_image image=&#8220;579&#8243; img_size=&#8220;medium&#8220; img_link_large=&#8220;yes&#8220;][\/vc_column][vc_column width=&#8220;1\/2&#8243;][vc_single_image image=&#8220;580&#8243; img_size=&#8220;medium&#8220; img_link_large=&#8220;yes&#8220;][\/vc_column][\/vc_row][vc_row el_class=&#8220;hintergrund&#8220;][vc_column][vc_column_text]<\/p>\n<h4>Verleih von Ausr\u00fcstung f\u00fcr Ihren Aktiv-Urlaub<\/h4>\n<p>[\/vc_column_text][vc_column_text]Gerne leihen wir Ihnen\u00a0Wanderst\u00f6cke, Schlitten und Schneeschuhe (nach Verf\u00fcgbarkeit). Fragen Sie einfach danach.[\/vc_column_text][\/vc_column][\/vc_row][vc_row][vc_column width=&#8220;1\/4&#8243;][vc_single_image image=&#8220;592&#8243; img_link_large=&#8220;yes&#8220;][\/vc_column][vc_column width=&#8220;1\/4&#8243;][vc_single_image image=&#8220;593&#8243; img_link_large=&#8220;yes&#8220;][\/vc_column][vc_column width=&#8220;1\/4&#8243;][vc_single_image image=&#8220;597&#8243; img_link_large=&#8220;yes&#8220;][\/vc_column][vc_column width=&#8220;1\/4&#8243;][vc_single_image image=&#8220;598&#8243; img_link_large=&#8220;yes&#8220;][\/vc_column][\/vc_row][vc_row][vc_column width=&#8220;1\/3&#8243;][vc_column_text]<span class=\"button-block\"><a href=\"https:\/\/www.langbruck.at\/bio-bauernhofurlaub\/\">Bio-Bauernhofurlaub<\/a><\/span>[\/vc_column_text][\/vc_column][vc_column width=&#8220;1\/3&#8243;][vc_column_text]<span class=\"button-block\"><a href=\"https:\/\/www.langbruck.at\/ferienwohnung-salzburger-land\/\">Ferienwohnungen<\/a><\/span>[\/vc_column_text][\/vc_column][vc_column width=&#8220;1\/3&#8243;][vc_column_text]<span class=\"button-block\"><a href=\"https:\/\/www.langbruck.at\/buchungsinformationen\/\">Buchungsinformationen<\/a><\/span>[\/vc_column_text][\/vc_column][\/vc_row]<\/p>\n<\/div>","protected":false},"excerpt":{"rendered":"<p>[vc_row][vc_column][vc_column_text] Hofeigene Gf\u00f6llalm Herrlicher Rastplatz &amp; unvergessliches Ausflugsziel [\/vc_column_text][vc_single_image image=&#8220;99&#8243; img_size=&#8220;full&#8220;][\/vc_column][\/vc_row][vc_row][vc_column][vc_column_text]Es ist sch\u00f6n, einen Ort zu kennen, an dem die Zeit keine Rolle spielt und man einfach gl\u00fccklich ist. Ein solcher Ort ist unsere Gf\u00f6llalm. Eingebettet in die urige Natur haben Sie auf der hofeigenen Alm\u00a0einen einzigartigen Ausblick in die Bergwelt des Salzburger Landes.\u00a0Unternehmen Sie &hellip;<\/p>\n\n<p><a class=\"readmore btn btn-default btn-default btn-block\" href=\"https:\/\/www.langbruck.at\/cs\/hofeigene-alm\/\">Read More<\/a><\/p>","protected":false},"author":1,"featured_media":0,"parent":0,"menu_order":0,"comment_status":"closed","ping_status":"closed","template":"","meta":{"footnotes":""},"class_list":["post-1013","page","type-page","status-publish","hentry"],"yoast_head":"<!-- This site is optimized with the Yoast SEO plugin v27.4 - https:\/\/yoast.com\/product\/yoast-seo-wordpress\/ -->\n<title>Hofeigene Alm - Bauernhof Langbruckgut in Eben im Pongau<\/title>\n<meta name=\"description\" content=\"Die hofeigene Alm, die Gf\u00f6llalm, ist im Sommer und im Winter ein sch\u00f6nes Ausflugsziel: in ca. 25 Gehminuten von unserem Hof erreichbar.\" \/>\n<meta name=\"robots\" content=\"index, follow, max-snippet:-1, max-image-preview:large, max-video-preview:-1\" \/>\n<link rel=\"canonical\" href=\"https:\/\/www.langbruck.at\/cs\/hofeigene-alm\/\" \/>\n<meta property=\"og:locale\" content=\"cs_CZ\" \/>\n<meta property=\"og:type\" content=\"article\" \/>\n<meta property=\"og:title\" content=\"Hofeigene Alm - Bauernhof Langbruckgut in Eben im Pongau\" \/>\n<meta property=\"og:description\" content=\"Die hofeigene Alm, die Gf\u00f6llalm, ist im Sommer und im Winter ein sch\u00f6nes Ausflugsziel: in ca. 25 Gehminuten von unserem Hof erreichbar.\" \/>\n<meta property=\"og:url\" content=\"https:\/\/www.langbruck.at\/cs\/hofeigene-alm\/\" \/>\n<meta property=\"og:site_name\" content=\"Langbruckgut\" \/>\n<meta property=\"article:modified_time\" content=\"2017-09-14T08:28:06+00:00\" \/>\n<meta name=\"twitter:card\" content=\"summary_large_image\" \/>\n<meta name=\"twitter:label1\" content=\"Odhadovan\u00e1 doba \u010dten\u00ed\" \/>\n\t<meta name=\"twitter:data1\" content=\"2 minuty\" \/>\n<script type=\"application\/ld+json\" class=\"yoast-schema-graph\">{\"@context\":\"https:\\\/\\\/schema.org\",\"@graph\":[{\"@type\":\"WebPage\",\"@id\":\"https:\\\/\\\/www.langbruck.at\\\/cs\\\/hofeigene-alm\\\/\",\"url\":\"https:\\\/\\\/www.langbruck.at\\\/cs\\\/hofeigene-alm\\\/\",\"name\":\"Hofeigene Alm - Bauernhof Langbruckgut in Eben im Pongau\",\"isPartOf\":{\"@id\":\"https:\\\/\\\/www.langbruck.at\\\/#website\"},\"datePublished\":\"2015-08-11T08:47:02+00:00\",\"dateModified\":\"2017-09-14T08:28:06+00:00\",\"description\":\"Die hofeigene Alm, die Gf\u00f6llalm, ist im Sommer und im Winter ein sch\u00f6nes Ausflugsziel: in ca. 25 Gehminuten von unserem Hof erreichbar.\",\"breadcrumb\":{\"@id\":\"https:\\\/\\\/www.langbruck.at\\\/cs\\\/hofeigene-alm\\\/#breadcrumb\"},\"inLanguage\":\"cs\",\"potentialAction\":[{\"@type\":\"ReadAction\",\"target\":[\"https:\\\/\\\/www.langbruck.at\\\/cs\\\/hofeigene-alm\\\/\"]}]},{\"@type\":\"BreadcrumbList\",\"@id\":\"https:\\\/\\\/www.langbruck.at\\\/cs\\\/hofeigene-alm\\\/#breadcrumb\",\"itemListElement\":[{\"@type\":\"ListItem\",\"position\":1,\"name\":\"Dom\u016f\",\"item\":\"https:\\\/\\\/www.langbruck.at\\\/cs\\\/\"},{\"@type\":\"ListItem\",\"position\":2,\"name\":\"Hofeigene Alm\"}]},{\"@type\":\"WebSite\",\"@id\":\"https:\\\/\\\/www.langbruck.at\\\/#website\",\"url\":\"https:\\\/\\\/www.langbruck.at\\\/\",\"name\":\"Langbruckgut\",\"description\":\"Zimmer &amp; Ferienwohnungen in Eben\",\"potentialAction\":[{\"@type\":\"SearchAction\",\"target\":{\"@type\":\"EntryPoint\",\"urlTemplate\":\"https:\\\/\\\/www.langbruck.at\\\/?s={search_term_string}\"},\"query-input\":{\"@type\":\"PropertyValueSpecification\",\"valueRequired\":true,\"valueName\":\"search_term_string\"}}],\"inLanguage\":\"cs\"}]}<\/script>\n<!-- \/ Yoast SEO plugin. -->","yoast_head_json":{"title":"Hofeigene Alm - Bauernhof Langbruckgut in Eben im Pongau","description":"Die hofeigene Alm, die Gf\u00f6llalm, ist im Sommer und im Winter ein sch\u00f6nes Ausflugsziel: in ca. 25 Gehminuten von unserem Hof erreichbar.","robots":{"index":"index","follow":"follow","max-snippet":"max-snippet:-1","max-image-preview":"max-image-preview:large","max-video-preview":"max-video-preview:-1"},"canonical":"https:\/\/www.langbruck.at\/cs\/hofeigene-alm\/","og_locale":"cs_CZ","og_type":"article","og_title":"Hofeigene Alm - Bauernhof Langbruckgut in Eben im Pongau","og_description":"Die hofeigene Alm, die Gf\u00f6llalm, ist im Sommer und im Winter ein sch\u00f6nes Ausflugsziel: in ca. 25 Gehminuten von unserem Hof erreichbar.","og_url":"https:\/\/www.langbruck.at\/cs\/hofeigene-alm\/","og_site_name":"Langbruckgut","article_modified_time":"2017-09-14T08:28:06+00:00","twitter_card":"summary_large_image","twitter_misc":{"Odhadovan\u00e1 doba \u010dten\u00ed":"2 minuty"},"schema":{"@context":"https:\/\/schema.org","@graph":[{"@type":"WebPage","@id":"https:\/\/www.langbruck.at\/cs\/hofeigene-alm\/","url":"https:\/\/www.langbruck.at\/cs\/hofeigene-alm\/","name":"Hofeigene Alm - Bauernhof Langbruckgut in Eben im Pongau","isPartOf":{"@id":"https:\/\/www.langbruck.at\/#website"},"datePublished":"2015-08-11T08:47:02+00:00","dateModified":"2017-09-14T08:28:06+00:00","description":"Die hofeigene Alm, die Gf\u00f6llalm, ist im Sommer und im Winter ein sch\u00f6nes Ausflugsziel: in ca. 25 Gehminuten von unserem Hof erreichbar.","breadcrumb":{"@id":"https:\/\/www.langbruck.at\/cs\/hofeigene-alm\/#breadcrumb"},"inLanguage":"cs","potentialAction":[{"@type":"ReadAction","target":["https:\/\/www.langbruck.at\/cs\/hofeigene-alm\/"]}]},{"@type":"BreadcrumbList","@id":"https:\/\/www.langbruck.at\/cs\/hofeigene-alm\/#breadcrumb","itemListElement":[{"@type":"ListItem","position":1,"name":"Dom\u016f","item":"https:\/\/www.langbruck.at\/cs\/"},{"@type":"ListItem","position":2,"name":"Hofeigene Alm"}]},{"@type":"WebSite","@id":"https:\/\/www.langbruck.at\/#website","url":"https:\/\/www.langbruck.at\/","name":"Langbruckgut","description":"Zimmer &amp; Ferienwohnungen in Eben","potentialAction":[{"@type":"SearchAction","target":{"@type":"EntryPoint","urlTemplate":"https:\/\/www.langbruck.at\/?s={search_term_string}"},"query-input":{"@type":"PropertyValueSpecification","valueRequired":true,"valueName":"search_term_string"}}],"inLanguage":"cs"}]}},"_links":{"self":[{"href":"https:\/\/www.langbruck.at\/cs\/wp-json\/wp\/v2\/pages\/1013","targetHints":{"allow":["GET"]}}],"collection":[{"href":"https:\/\/www.langbruck.at\/cs\/wp-json\/wp\/v2\/pages"}],"about":[{"href":"https:\/\/www.langbruck.at\/cs\/wp-json\/wp\/v2\/types\/page"}],"author":[{"embeddable":true,"href":"https:\/\/www.langbruck.at\/cs\/wp-json\/wp\/v2\/users\/1"}],"replies":[{"embeddable":true,"href":"https:\/\/www.langbruck.at\/cs\/wp-json\/wp\/v2\/comments?post=1013"}],"version-history":[{"count":3,"href":"https:\/\/www.langbruck.at\/cs\/wp-json\/wp\/v2\/pages\/1013\/revisions"}],"predecessor-version":[{"id":1379,"href":"https:\/\/www.langbruck.at\/cs\/wp-json\/wp\/v2\/pages\/1013\/revisions\/1379"}],"wp:attachment":[{"href":"https:\/\/www.langbruck.at\/cs\/wp-json\/wp\/v2\/media?parent=1013"}],"curies":[{"name":"wp","href":"https:\/\/api.w.org\/{rel}","templated":true}]}}

<div class="wpb-content-wrapper"><p>[vc_row][vc_column][vc_column_text]</p>
<h1>Hofeigene Gföllalm</h1>
<h2>Herrlicher Rastplatz &amp; unvergessliches Ausflugsziel</h2>
<p>[/vc_column_text][vc_single_image image=&#8220;99&#8243; img_size=&#8220;full&#8220;][/vc_column][/vc_row][vc_row][vc_column][vc_column_text]Es ist schön, einen Ort zu kennen, an dem die Zeit keine Rolle spielt und man einfach glücklich ist. Ein solcher Ort ist unsere Gföllalm. Eingebettet in die urige Natur haben Sie auf der hofeigenen Alm einen einzigartigen Ausblick in die Bergwelt des Salzburger Landes. Unternehmen Sie vom <a href="https://www.langbruck.at/">Langbruckgut</a> aus eine Wanderung oder Mountainbike-Tour durch die Wälder und Wiesen zu unserer Hütte &#8211; Gehzeit: ca. 25 Minuten. Die Kühe und Kälbchen, die den Sommer auf der Alm verbringen, werden Sie freudig begrüßen. Auch im Winter ist die Gföllalm mit Schneeschuhen gut erreichbar.[/vc_column_text][/vc_column][/vc_row][vc_row][vc_column width=&#8220;1/2&#8243;][vc_single_image image=&#8220;579&#8243; img_size=&#8220;medium&#8220; img_link_large=&#8220;yes&#8220;][/vc_column][vc_column width=&#8220;1/2&#8243;][vc_single_image image=&#8220;580&#8243; img_size=&#8220;medium&#8220; img_link_large=&#8220;yes&#8220;][/vc_column][/vc_row][vc_row el_class=&#8220;hintergrund&#8220;][vc_column][vc_column_text]</p>
<h4>Verleih von Ausrüstung für Ihren Aktiv-Urlaub</h4>
<p>[/vc_column_text][vc_column_text]Gerne leihen wir Ihnen Wanderstöcke, Schlitten und Schneeschuhe (nach Verfügbarkeit). Fragen Sie einfach danach.[/vc_column_text][/vc_column][/vc_row][vc_row][vc_column width=&#8220;1/4&#8243;][vc_single_image image=&#8220;592&#8243; img_link_large=&#8220;yes&#8220;][/vc_column][vc_column width=&#8220;1/4&#8243;][vc_single_image image=&#8220;593&#8243; img_link_large=&#8220;yes&#8220;][/vc_column][vc_column width=&#8220;1/4&#8243;][vc_single_image image=&#8220;597&#8243; img_link_large=&#8220;yes&#8220;][/vc_column][vc_column width=&#8220;1/4&#8243;][vc_single_image image=&#8220;598&#8243; img_link_large=&#8220;yes&#8220;][/vc_column][/vc_row][vc_row][vc_column width=&#8220;1/3&#8243;][vc_column_text]<span class="button-block"><a href="https://www.langbruck.at/bio-bauernhofurlaub/">Bio-Bauernhofurlaub</a></span>[/vc_column_text][/vc_column][vc_column width=&#8220;1/3&#8243;][vc_column_text]<span class="button-block"><a href="https://www.langbruck.at/ferienwohnung-salzburger-land/">Ferienwohnungen</a></span>[/vc_column_text][/vc_column][vc_column width=&#8220;1/3&#8243;][vc_column_text]<span class="button-block"><a href="https://www.langbruck.at/buchungsinformationen/">Buchungsinformationen</a></span>[/vc_column_text][/vc_column][/vc_row]</p>
</div>

<p>[vc_row][vc_column][vc_column_text] Hofeigene Gföllalm Herrlicher Rastplatz &amp; unvergessliches Ausflugsziel [/vc_column_text][vc_single_image image=&#8220;99&#8243; img_size=&#8220;full&#8220;][/vc_column][/vc_row][vc_row][vc_column][vc_column_text]Es ist schön, einen Ort zu kennen, an dem die Zeit keine Rolle spielt und man einfach glücklich ist. Ein solcher Ort ist unsere Gföllalm. Eingebettet in die urige Natur haben Sie auf der hofeigenen Alm einen einzigartigen Ausblick in die Bergwelt des Salzburger Landes. Unternehmen Sie &hellip;</p>

<p><a class="readmore btn btn-default btn-default btn-block" href="https://www.langbruck.at/cs/hofeigene-alm/">Read More</a></p>

<!-- This site is optimized with the Yoast SEO plugin v27.4 - https://yoast.com/product/yoast-seo-wordpress/ -->
<title>Hofeigene Alm - Bauernhof Langbruckgut in Eben im Pongau</title>
<meta name="description" content="Die hofeigene Alm, die Gföllalm, ist im Sommer und im Winter ein schönes Ausflugsziel: in ca. 25 Gehminuten von unserem Hof erreichbar." />
<meta name="robots" content="index, follow, max-snippet:-1, max-image-preview:large, max-video-preview:-1" />
<link rel="canonical" href="https://www.langbruck.at/cs/hofeigene-alm/" />
<meta property="og:locale" content="cs_CZ" />
<meta property="og:type" content="article" />
<meta property="og:title" content="Hofeigene Alm - Bauernhof Langbruckgut in Eben im Pongau" />
<meta property="og:description" content="Die hofeigene Alm, die Gföllalm, ist im Sommer und im Winter ein schönes Ausflugsziel: in ca. 25 Gehminuten von unserem Hof erreichbar." />
<meta property="og:url" content="https://www.langbruck.at/cs/hofeigene-alm/" />
<meta property="og:site_name" content="Langbruckgut" />
<meta property="article:modified_time" content="2017-09-14T08:28:06+00:00" />
<meta name="twitter:card" content="summary_large_image" />
<meta name="twitter:label1" content="Odhadovaná doba čtení" />
	<meta name="twitter:data1" content="2 minuty" />
<script type="application/ld+json" class="yoast-schema-graph">{"@context":"https:\/\/schema.org","@graph":[{"@type":"WebPage","@id":"https:\/\/www.langbruck.at\/cs\/hofeigene-alm\/","url":"https:\/\/www.langbruck.at\/cs\/hofeigene-alm\/","name":"Hofeigene Alm - Bauernhof Langbruckgut in Eben im Pongau","isPartOf":{"@id":"https:\/\/www.langbruck.at\/#website"},"datePublished":"2015-08-11T08:47:02+00:00","dateModified":"2017-09-14T08:28:06+00:00","description":"Die hofeigene Alm, die Gföllalm, ist im Sommer und im Winter ein schönes Ausflugsziel: in ca. 25 Gehminuten von unserem Hof erreichbar.","breadcrumb":{"@id":"https:\/\/www.langbruck.at\/cs\/hofeigene-alm\/#breadcrumb"},"inLanguage":"cs","potentialAction":[{"@type":"ReadAction","target":["https:\/\/www.langbruck.at\/cs\/hofeigene-alm\/"]}]},{"@type":"BreadcrumbList","@id":"https:\/\/www.langbruck.at\/cs\/hofeigene-alm\/#breadcrumb","itemListElement":[{"@type":"ListItem","position":1,"name":"Domů","item":"https:\/\/www.langbruck.at\/cs\/"},{"@type":"ListItem","position":2,"name":"Hofeigene Alm"}]},{"@type":"WebSite","@id":"https:\/\/www.langbruck.at\/#website","url":"https:\/\/www.langbruck.at\/","name":"Langbruckgut","description":"Zimmer &amp; Ferienwohnungen in Eben","potentialAction":[{"@type":"SearchAction","target":{"@type":"EntryPoint","urlTemplate":"https:\/\/www.langbruck.at\/?s={search_term_string}"},"query-input":{"@type":"PropertyValueSpecification","valueRequired":true,"valueName":"search_term_string"}}],"inLanguage":"cs"}]}</script>
<!-- / Yoast SEO plugin. -->

Die hofeigene Alm, die Gföllalm, ist im Sommer und im Winter ein schönes Ausflugsziel: in ca. 25 Gehminuten von unserem Hof erreichbar.

Domů
