{"id":1017,"date":"2015-08-11T08:46:37","date_gmt":"2015-08-11T08:46:37","guid":{"rendered":"http:\/\/langbruck.at.w01385b3.kasserver.com\/anfrage\/?lang=cs"},"modified":"2018-04-24T08:16:32","modified_gmt":"2018-04-24T08:16:32","slug":"anfrage","status":"publish","type":"page","link":"https:\/\/www.langbruck.at\/cs\/anfrage\/","title":{"rendered":"Anfrage"},"content":{"rendered":"<div class=\"wpb-content-wrapper\"><p>[vc_row][vc_column][vc_column_text]<\/p>\n<h1>Unverbindliche Anfrage<\/h1>\n<h2>Ihr Weg zum Urlaubsgl\u00fcck am Langbruckgut<\/h2>\n<p>[\/vc_column_text][\/vc_column][\/vc_row][vc_row][vc_column][vc_single_image image=&#8220;99&#8243; img_size=&#8220;full&#8220;][\/vc_column][\/vc_row][vc_row][vc_column][vc_widget_sidebar sidebar_id=&#8220;anfrage&#8220;][\/vc_column][\/vc_row][vc_row][vc_column][vc_column_text el_class=&#8220;dsgvo&#8220;]Nach Absenden des Kontaktformulars erfolgt eine Verarbeitung der oben angef\u00fchrten Daten durch den datenschutzrechtlich Verantwortlichen Langbruckgut,\u00a0Familie Buchsteiner, Gasthofberg 14, 5531 Eben im Pongau,\u00a0<a href=\"mailto:info@langbruck.at\">info@langbruck.at<\/a>, zum Zweck der Bearbeitung Ihrer Anfrage auf Grundlage Ihrer durch das Absenden des Formulars erteilten Einwilligung. Es erfolgt eine Weiterverarbeitung der Daten zum Zweck der Direktwerbung, welche mit dem urspr\u00fcnglichen Verarbeitungszweck vereinbar ist, auf derselben Rec\u00adhtsgrundlage bis auf Widerspruch. Es besteht keine gesetzliche oder vertragliche Verpflichtung zur Bereitstellung der personenbezogenen Daten. Die Nichtbereitstellung hat lediglich zur Folge, dass Sie Ihr Anliegen nicht \u00fcbermitteln und wir dieses nicht bearbeiten k\u00f6nnen. Eine Weitergabe an andere Empf\u00e4nger erfolgt nicht. Sie haben das Recht, Ihre Einwilligung jederzeit durch schriftliche Mitteilung zu widerrufen, ohne dass die Rechtm\u00e4\u00dfigkeit der aufgrund der Einwilligung bis zum Widerruf erfolgten Verarbeitung ber\u00fchrt wird. Sie haben das Recht, der Verwendung Ihrer personenbezogenen Daten zum Zweck der Direktwerbung jederzeit durch schriftliche Mitteilung zu widersprechen. Im Fall des Widerspruchs werden Ihre personenbezogenen Daten nicht mehr zum Zweck der Direktwerbung verarbeitet. Sie haben das Recht auf Auskunft, Berichtigung, L\u00f6schung, Einschr\u00e4nkung der Verarbeitung und \u00dcbertragbarkeit Ihrer personenbezogenen Daten sowie das Recht auf Beschwerde bei der Aufsichtsbeh\u00f6rde (\u00d6sterreichische Datenschutzbeh\u00f6rde, Wickenburggasse 8, 1080 Wien, <a href=\"mailto:dsb@dsb.gv.at)\">dsb@dsb.gv.at)<\/a>.[\/vc_column_text][\/vc_column][\/vc_row]<\/p>\n<\/div>","protected":false},"excerpt":{"rendered":"<p>[vc_row][vc_column][vc_column_text] Unverbindliche Anfrage Ihr Weg zum Urlaubsgl\u00fcck am Langbruckgut [\/vc_column_text][\/vc_column][\/vc_row][vc_row][vc_column][vc_single_image image=&#8220;99&#8243; img_size=&#8220;full&#8220;][\/vc_column][\/vc_row][vc_row][vc_column][vc_widget_sidebar sidebar_id=&#8220;anfrage&#8220;][\/vc_column][\/vc_row][vc_row][vc_column][vc_column_text el_class=&#8220;dsgvo&#8220;]Nach Absenden des Kontaktformulars erfolgt eine Verarbeitung der oben angef\u00fchrten Daten durch den datenschutzrechtlich Verantwortlichen Langbruckgut,\u00a0Familie Buchsteiner, Gasthofberg 14, 5531 Eben im Pongau,\u00a0info@langbruck.at, zum Zweck der Bearbeitung Ihrer Anfrage auf Grundlage Ihrer durch das Absenden des Formulars erteilten Einwilligung. Es erfolgt eine &hellip;<\/p>\n\n<p><a class=\"readmore btn btn-default btn-default btn-block\" href=\"https:\/\/www.langbruck.at\/cs\/anfrage\/\">Read More<\/a><\/p>","protected":false},"author":1,"featured_media":0,"parent":0,"menu_order":0,"comment_status":"closed","ping_status":"closed","template":"","meta":{"footnotes":""},"class_list":["post-1017","page","type-page","status-publish","hentry"],"yoast_head":"<!-- This site is optimized with the Yoast SEO plugin v27.5 - https:\/\/yoast.com\/product\/yoast-seo-wordpress\/ -->\n<title>Unverbindliche Anfrage - Urlaub am Bio-Bauernhof - Eben i. P.<\/title>\n<meta name=\"description\" content=\"Sommer- und Winterurlaub in Ferienwohnungen und Zimmern am Langbruckgut. Senden Sie uns Ihre unverbindliche Anfrage.\" \/>\n<meta name=\"robots\" content=\"index, follow, max-snippet:-1, max-image-preview:large, max-video-preview:-1\" \/>\n<link rel=\"canonical\" href=\"https:\/\/www.langbruck.at\/cs\/anfrage\/\" \/>\n<meta property=\"og:locale\" content=\"cs_CZ\" \/>\n<meta property=\"og:type\" content=\"article\" \/>\n<meta property=\"og:title\" content=\"Unverbindliche Anfrage - Urlaub am Bio-Bauernhof - Eben i. P.\" \/>\n<meta property=\"og:description\" content=\"Sommer- und Winterurlaub in Ferienwohnungen und Zimmern am Langbruckgut. Senden Sie uns Ihre unverbindliche Anfrage.\" \/>\n<meta property=\"og:url\" content=\"https:\/\/www.langbruck.at\/cs\/anfrage\/\" \/>\n<meta property=\"og:site_name\" content=\"Langbruckgut\" \/>\n<meta property=\"article:modified_time\" content=\"2018-04-24T08:16:32+00:00\" \/>\n<meta name=\"twitter:card\" content=\"summary_large_image\" \/>\n<meta name=\"twitter:label1\" content=\"Odhadovan\u00e1 doba \u010dten\u00ed\" \/>\n\t<meta name=\"twitter:data1\" content=\"1 minuta\" \/>\n<script type=\"application\/ld+json\" class=\"yoast-schema-graph\">{\"@context\":\"https:\\\/\\\/schema.org\",\"@graph\":[{\"@type\":\"WebPage\",\"@id\":\"https:\\\/\\\/www.langbruck.at\\\/cs\\\/anfrage\\\/\",\"url\":\"https:\\\/\\\/www.langbruck.at\\\/cs\\\/anfrage\\\/\",\"name\":\"Unverbindliche Anfrage - Urlaub am Bio-Bauernhof - Eben i. P.\",\"isPartOf\":{\"@id\":\"https:\\\/\\\/www.langbruck.at\\\/#website\"},\"datePublished\":\"2015-08-11T08:46:37+00:00\",\"dateModified\":\"2018-04-24T08:16:32+00:00\",\"description\":\"Sommer- und Winterurlaub in Ferienwohnungen und Zimmern am Langbruckgut. Senden Sie uns Ihre unverbindliche Anfrage.\",\"breadcrumb\":{\"@id\":\"https:\\\/\\\/www.langbruck.at\\\/cs\\\/anfrage\\\/#breadcrumb\"},\"inLanguage\":\"cs\",\"potentialAction\":[{\"@type\":\"ReadAction\",\"target\":[\"https:\\\/\\\/www.langbruck.at\\\/cs\\\/anfrage\\\/\"]}]},{\"@type\":\"BreadcrumbList\",\"@id\":\"https:\\\/\\\/www.langbruck.at\\\/cs\\\/anfrage\\\/#breadcrumb\",\"itemListElement\":[{\"@type\":\"ListItem\",\"position\":1,\"name\":\"Dom\u016f\",\"item\":\"https:\\\/\\\/www.langbruck.at\\\/cs\\\/\"},{\"@type\":\"ListItem\",\"position\":2,\"name\":\"Anfrage\"}]},{\"@type\":\"WebSite\",\"@id\":\"https:\\\/\\\/www.langbruck.at\\\/#website\",\"url\":\"https:\\\/\\\/www.langbruck.at\\\/\",\"name\":\"Langbruckgut\",\"description\":\"Zimmer &amp; Ferienwohnungen in Eben\",\"potentialAction\":[{\"@type\":\"SearchAction\",\"target\":{\"@type\":\"EntryPoint\",\"urlTemplate\":\"https:\\\/\\\/www.langbruck.at\\\/?s={search_term_string}\"},\"query-input\":{\"@type\":\"PropertyValueSpecification\",\"valueRequired\":true,\"valueName\":\"search_term_string\"}}],\"inLanguage\":\"cs\"}]}<\/script>\n<!-- \/ Yoast SEO plugin. -->","yoast_head_json":{"title":"Unverbindliche Anfrage - Urlaub am Bio-Bauernhof - Eben i. P.","description":"Sommer- und Winterurlaub in Ferienwohnungen und Zimmern am Langbruckgut. Senden Sie uns Ihre unverbindliche Anfrage.","robots":{"index":"index","follow":"follow","max-snippet":"max-snippet:-1","max-image-preview":"max-image-preview:large","max-video-preview":"max-video-preview:-1"},"canonical":"https:\/\/www.langbruck.at\/cs\/anfrage\/","og_locale":"cs_CZ","og_type":"article","og_title":"Unverbindliche Anfrage - Urlaub am Bio-Bauernhof - Eben i. P.","og_description":"Sommer- und Winterurlaub in Ferienwohnungen und Zimmern am Langbruckgut. Senden Sie uns Ihre unverbindliche Anfrage.","og_url":"https:\/\/www.langbruck.at\/cs\/anfrage\/","og_site_name":"Langbruckgut","article_modified_time":"2018-04-24T08:16:32+00:00","twitter_card":"summary_large_image","twitter_misc":{"Odhadovan\u00e1 doba \u010dten\u00ed":"1 minuta"},"schema":{"@context":"https:\/\/schema.org","@graph":[{"@type":"WebPage","@id":"https:\/\/www.langbruck.at\/cs\/anfrage\/","url":"https:\/\/www.langbruck.at\/cs\/anfrage\/","name":"Unverbindliche Anfrage - Urlaub am Bio-Bauernhof - Eben i. P.","isPartOf":{"@id":"https:\/\/www.langbruck.at\/#website"},"datePublished":"2015-08-11T08:46:37+00:00","dateModified":"2018-04-24T08:16:32+00:00","description":"Sommer- und Winterurlaub in Ferienwohnungen und Zimmern am Langbruckgut. Senden Sie uns Ihre unverbindliche Anfrage.","breadcrumb":{"@id":"https:\/\/www.langbruck.at\/cs\/anfrage\/#breadcrumb"},"inLanguage":"cs","potentialAction":[{"@type":"ReadAction","target":["https:\/\/www.langbruck.at\/cs\/anfrage\/"]}]},{"@type":"BreadcrumbList","@id":"https:\/\/www.langbruck.at\/cs\/anfrage\/#breadcrumb","itemListElement":[{"@type":"ListItem","position":1,"name":"Dom\u016f","item":"https:\/\/www.langbruck.at\/cs\/"},{"@type":"ListItem","position":2,"name":"Anfrage"}]},{"@type":"WebSite","@id":"https:\/\/www.langbruck.at\/#website","url":"https:\/\/www.langbruck.at\/","name":"Langbruckgut","description":"Zimmer &amp; Ferienwohnungen in Eben","potentialAction":[{"@type":"SearchAction","target":{"@type":"EntryPoint","urlTemplate":"https:\/\/www.langbruck.at\/?s={search_term_string}"},"query-input":{"@type":"PropertyValueSpecification","valueRequired":true,"valueName":"search_term_string"}}],"inLanguage":"cs"}]}},"_links":{"self":[{"href":"https:\/\/www.langbruck.at\/cs\/wp-json\/wp\/v2\/pages\/1017","targetHints":{"allow":["GET"]}}],"collection":[{"href":"https:\/\/www.langbruck.at\/cs\/wp-json\/wp\/v2\/pages"}],"about":[{"href":"https:\/\/www.langbruck.at\/cs\/wp-json\/wp\/v2\/types\/page"}],"author":[{"embeddable":true,"href":"https:\/\/www.langbruck.at\/cs\/wp-json\/wp\/v2\/users\/1"}],"replies":[{"embeddable":true,"href":"https:\/\/www.langbruck.at\/cs\/wp-json\/wp\/v2\/comments?post=1017"}],"version-history":[{"count":2,"href":"https:\/\/www.langbruck.at\/cs\/wp-json\/wp\/v2\/pages\/1017\/revisions"}],"predecessor-version":[{"id":1430,"href":"https:\/\/www.langbruck.at\/cs\/wp-json\/wp\/v2\/pages\/1017\/revisions\/1430"}],"wp:attachment":[{"href":"https:\/\/www.langbruck.at\/cs\/wp-json\/wp\/v2\/media?parent=1017"}],"curies":[{"name":"wp","href":"https:\/\/api.w.org\/{rel}","templated":true}]}}

<div class="wpb-content-wrapper"><p>[vc_row][vc_column][vc_column_text]</p>
<h1>Unverbindliche Anfrage</h1>
<h2>Ihr Weg zum Urlaubsglück am Langbruckgut</h2>
<p>[/vc_column_text][/vc_column][/vc_row][vc_row][vc_column][vc_single_image image=&#8220;99&#8243; img_size=&#8220;full&#8220;][/vc_column][/vc_row][vc_row][vc_column][vc_widget_sidebar sidebar_id=&#8220;anfrage&#8220;][/vc_column][/vc_row][vc_row][vc_column][vc_column_text el_class=&#8220;dsgvo&#8220;]Nach Absenden des Kontaktformulars erfolgt eine Verarbeitung der oben angeführten Daten durch den datenschutzrechtlich Verantwortlichen Langbruckgut, Familie Buchsteiner, Gasthofberg 14, 5531 Eben im Pongau, <a href="mailto:info@langbruck.at">info@langbruck.at</a>, zum Zweck der Bearbeitung Ihrer Anfrage auf Grundlage Ihrer durch das Absenden des Formulars erteilten Einwilligung. Es erfolgt eine Weiterverarbeitung der Daten zum Zweck der Direktwerbung, welche mit dem ursprünglichen Verarbeitungszweck vereinbar ist, auf derselben Rec­htsgrundlage bis auf Widerspruch. Es besteht keine gesetzliche oder vertragliche Verpflichtung zur Bereitstellung der personenbezogenen Daten. Die Nichtbereitstellung hat lediglich zur Folge, dass Sie Ihr Anliegen nicht übermitteln und wir dieses nicht bearbeiten können. Eine Weitergabe an andere Empfänger erfolgt nicht. Sie haben das Recht, Ihre Einwilligung jederzeit durch schriftliche Mitteilung zu widerrufen, ohne dass die Rechtmäßigkeit der aufgrund der Einwilligung bis zum Widerruf erfolgten Verarbeitung berührt wird. Sie haben das Recht, der Verwendung Ihrer personenbezogenen Daten zum Zweck der Direktwerbung jederzeit durch schriftliche Mitteilung zu widersprechen. Im Fall des Widerspruchs werden Ihre personenbezogenen Daten nicht mehr zum Zweck der Direktwerbung verarbeitet. Sie haben das Recht auf Auskunft, Berichtigung, Löschung, Einschränkung der Verarbeitung und Übertragbarkeit Ihrer personenbezogenen Daten sowie das Recht auf Beschwerde bei der Aufsichtsbehörde (Österreichische Datenschutzbehörde, Wickenburggasse 8, 1080 Wien, <a href="mailto:dsb@dsb.gv.at)">dsb@dsb.gv.at)</a>.[/vc_column_text][/vc_column][/vc_row]</p>
</div>

<p>[vc_row][vc_column][vc_column_text] Unverbindliche Anfrage Ihr Weg zum Urlaubsglück am Langbruckgut [/vc_column_text][/vc_column][/vc_row][vc_row][vc_column][vc_single_image image=&#8220;99&#8243; img_size=&#8220;full&#8220;][/vc_column][/vc_row][vc_row][vc_column][vc_widget_sidebar sidebar_id=&#8220;anfrage&#8220;][/vc_column][/vc_row][vc_row][vc_column][vc_column_text el_class=&#8220;dsgvo&#8220;]Nach Absenden des Kontaktformulars erfolgt eine Verarbeitung der oben angeführten Daten durch den datenschutzrechtlich Verantwortlichen Langbruckgut, Familie Buchsteiner, Gasthofberg 14, 5531 Eben im Pongau, info@langbruck.at, zum Zweck der Bearbeitung Ihrer Anfrage auf Grundlage Ihrer durch das Absenden des Formulars erteilten Einwilligung. Es erfolgt eine &hellip;</p>

<p><a class="readmore btn btn-default btn-default btn-block" href="https://www.langbruck.at/cs/anfrage/">Read More</a></p>

<!-- This site is optimized with the Yoast SEO plugin v27.5 - https://yoast.com/product/yoast-seo-wordpress/ -->
<title>Unverbindliche Anfrage - Urlaub am Bio-Bauernhof - Eben i. P.</title>
<meta name="description" content="Sommer- und Winterurlaub in Ferienwohnungen und Zimmern am Langbruckgut. Senden Sie uns Ihre unverbindliche Anfrage." />
<meta name="robots" content="index, follow, max-snippet:-1, max-image-preview:large, max-video-preview:-1" />
<link rel="canonical" href="https://www.langbruck.at/cs/anfrage/" />
<meta property="og:locale" content="cs_CZ" />
<meta property="og:type" content="article" />
<meta property="og:title" content="Unverbindliche Anfrage - Urlaub am Bio-Bauernhof - Eben i. P." />
<meta property="og:description" content="Sommer- und Winterurlaub in Ferienwohnungen und Zimmern am Langbruckgut. Senden Sie uns Ihre unverbindliche Anfrage." />
<meta property="og:url" content="https://www.langbruck.at/cs/anfrage/" />
<meta property="og:site_name" content="Langbruckgut" />
<meta property="article:modified_time" content="2018-04-24T08:16:32+00:00" />
<meta name="twitter:card" content="summary_large_image" />
<meta name="twitter:label1" content="Odhadovaná doba čtení" />
	<meta name="twitter:data1" content="1 minuta" />
<script type="application/ld+json" class="yoast-schema-graph">{"@context":"https:\/\/schema.org","@graph":[{"@type":"WebPage","@id":"https:\/\/www.langbruck.at\/cs\/anfrage\/","url":"https:\/\/www.langbruck.at\/cs\/anfrage\/","name":"Unverbindliche Anfrage - Urlaub am Bio-Bauernhof - Eben i. P.","isPartOf":{"@id":"https:\/\/www.langbruck.at\/#website"},"datePublished":"2015-08-11T08:46:37+00:00","dateModified":"2018-04-24T08:16:32+00:00","description":"Sommer- und Winterurlaub in Ferienwohnungen und Zimmern am Langbruckgut. Senden Sie uns Ihre unverbindliche Anfrage.","breadcrumb":{"@id":"https:\/\/www.langbruck.at\/cs\/anfrage\/#breadcrumb"},"inLanguage":"cs","potentialAction":[{"@type":"ReadAction","target":["https:\/\/www.langbruck.at\/cs\/anfrage\/"]}]},{"@type":"BreadcrumbList","@id":"https:\/\/www.langbruck.at\/cs\/anfrage\/#breadcrumb","itemListElement":[{"@type":"ListItem","position":1,"name":"Domů","item":"https:\/\/www.langbruck.at\/cs\/"},{"@type":"ListItem","position":2,"name":"Anfrage"}]},{"@type":"WebSite","@id":"https:\/\/www.langbruck.at\/#website","url":"https:\/\/www.langbruck.at\/","name":"Langbruckgut","description":"Zimmer &amp; Ferienwohnungen in Eben","potentialAction":[{"@type":"SearchAction","target":{"@type":"EntryPoint","urlTemplate":"https:\/\/www.langbruck.at\/?s={search_term_string}"},"query-input":{"@type":"PropertyValueSpecification","valueRequired":true,"valueName":"search_term_string"}}],"inLanguage":"cs"}]}</script>
<!-- / Yoast SEO plugin. -->

Domů
